+ 1. Calculate p(-8).
9
Let v(r) = -r**3 - 9*r**2 - 8*r - 1. Give v(-8).
-1
Let g(c) = c**2 - 22*c + 91. What is g(14)?
-21
Let h(n) = -46*n - 1. Give h(0).
-1
Let r(j) = -j**2 + 8*j - 8. Determine r(5).
7
Let m(w) = w**3 - 16*w**2 - w + 19. Determine m(16).
3
Let o(j) = -j**2 - 25*j - 68. What is o(-22)?
-2
Let n(v) = 2*v**2 - 16*v + 1. Determine n(6).
-23
Let o(b) = -7*b**2 - 4*b + 5. Calculate o(1).
-6
Let f(h) = -h**2 - 7*h - 2. Calculate f(-6).
4
Let h(j) = -j**2 + 13*j - 1. Calculate h(14).
-15
Let a(q) = -q**3 - 21*q**2 - 22*q + 41. Calculate a(-20).
81
Let r(x) = -x - 3. Calculate r(-8).
5
Let p(a) = 4*a**2 + 91*a - 16. Calculate p(-23).
7
Let g(w) = 2*w**2 - 24*w + 39. Determine g(10).
-1
Let b(c) = 17*c - 53. Determine b(2).
-19
Let u(w) = -w**2 - 3*w + 2. Determine u(-3).
2
Let x(q) = -2*q**2 - 3*q + 10. Calculate x(-4).
-10
Let p(y) = y**3 + 11*y**2 + 20*y - 26. Calculate p(-8).
6
Let r(d) = 3*d**2 - 4*d + 2. What is r(2)?
6
Let u(r) = -r - 7. Give u(18).
-25
Let k(n) = n**3 - n**2 - 2*n. Determine k(-2).
-8
Let l(t) = t**3 - 8*t**2 - 8*t - 4. Determine l(9).
5
Let h(x) = -x**3 - 8*x**2 - 14*x - 18. Calculate h(-6).
-6
Let r(o) = -20*o**3 - 2*o**2 + 2*o - 3. Calculate r(2).
-167
Let h(m) = -m**3 - 3*m**2 - 4*m - 4. Calculate h(-2).
0
Let y(r) = -r**2 + 12*r + 129. Calculate y(-7).
-4
Let k(d) = d**3 + 5*d**2 - 6*d. Give k(-6).
0
Let d(r) = -21*r + 3. Calculate d(3).
-60
Let y(v) = -2*v - 14. Give y(2).
-18
Let q(j) = j**3 + 5*j**2 - 14*j - 42. Give q(-6).
6
Let q(b) = b**3 + 11*b**2 - 10*b + 14. Calculate q(-12).
-10
Let m(q) = 3*q**2 + 14*q - 24. Calculate m(-6).
0
Let i(w) = -w**3 - 19*w**2 - 2. Calculate i(-19).
-2
Let s(z) = -4*z + 23. What is s(7)?
-5
Let z(f) = -f**3 + 4*f**2 + 2*f - 1. Calculate z(4).
7
Let q(c) = c**3 + c**2 + 2*c + 1. Calculate q(-1).
-1
Let t(b) = -b**3 - b**2 - b + 1. Calculate t(2).
-13
Let n(w) = 2*w**2 + w + 2. Calculate n(3).
23
Let d(r) = -2*r**2 - 8*r + 49. Determine d(-7).
7
Let j(f) = -f**2 - 15*f + 2. What is j(-15)?
2
Let i(a) = -a**2 + 15*a + 78. Determine i(-4).
2
Let g(x) = -15*x**3 - x**2 - x + 1. Determine g(1).
-16
Let s(d) = 95*d + 1. What is s(0)?
1
Let i(y) = -y**3 - 6*y**2 - 7*y - 11. Determine i(-5).
-1
Let l(w) = 3*w + 2. What is l(-6)?
-16
Let h(k) = 14*k**2 - 90*k + 21. Determine h(6).
-15
Let u(z) = z**2 + 8*z + 6. Give u(-7).
-1
Let g(z) = -3*z - 6. Determine g(-6).
12
Let c(x) = -6*x - 6. What is c(-4)?
18
Let m(k) = -k**3 + 2*k - 5. What is m(2)?
-9
Let j(m) = -m**3 - 4*m**2 + 13*m - 5. Determine j(-6).
-11
Let u(j) = -j**2 + 14*j - 37. Determine u(9).
8
Let f(p) = -p**2 - 2. What is f(4)?
-18
Let n(m) = -m**3 - 5*m**2 + 5*m - 2. Determine n(-6).
4
Let w(a) = a + 6. Determine w(-10).
-4
Let w(i) = -9*i - 46. Calculate w(-7).
17
Let c(p) = -p**2 + 3*p + 34. What is c(6)?
16
Let y(s) = 7*s - 134. What is y(13)?
-43
Let h(c) = c**2 - 9*c + 47. Calculate h(4).
27
Let d(i) = -7*i + 7. Give d(5).
-28
Let y(z) = -z - 10. What is y(0)?
-10
Let n(i) = 60*i**3 - 2*i**2 + 2. What is n(1)?
60
Let x(q) = q**2 - 11*q + 22. Give x(9).
4
Let b(n) = 2*n + 14. Give b(-5).
4
Let p(z) = z**2 + 23. What is p(0)?
23
Let z(d) = -d**3 + 5*d**2 + 7*d - 10. Give z(5).
25
Let p(o) = -22*o**3 + 2*o**2 - 6*o + 5. What is p(1)?
-21
Let r(i) = 2*i**2 + 16*i + 4. Calculate r(-7).
-10
Let o(f) = f - 5. Calculate o(4).
-1
Let w(k) = -k**2 + 3*k - 6. Determine w(3).
-6
Let v(u) = 2*u + 25. Give v(-16).
-7
Let h(a) = 2*a**2 + 3*a - 10. Calculate h(-3).
-1
Let u(s) = -s**2 - 4*s - 5. What is u(-5)?
-10
Let q(s) = s**3 - 9*s**2 + 5*s - 43. Calculate q(9).
2
Let k(b) = b**2 - 8*b + 6. Determine k(6).
-6
Let d(a) = -a**3 + 37*a**2 - 2*a + 81. Give d(37).
7
Let o(l) = -l**2 - 36*l - 86. What is o(-3)?
13
Let d(y) = y**2 - 8*y + 3. Determine d(5).
-12
Let i(f) = -f**3 + f**2 + 6*f + 11. What is i(-2)?
11
Let u(w) = 3*w**2 + 10*w + 18. Give u(-4).
26
Let w(a) = -a - 25. Calculate w(0).
-25
Let v(y) = y**3 + 6*y**2 - 7*y - 1. Determine v(-7).
-1
Let h(j) = -j**3 - 8*j**2 - 2*j + 22. Give h(-7).
-13
Let p(c) = 11*c - 24. What is p(8)?
64
Let z(l) = 4*l + 56. Determine z(-22).
-32
Let u(p) = p**3 - 48*p**2 + 135*p - 16. Give u(45).
-16
Let s(t) = 32*t + 288. What is s(-10)?
-32
Let t(g) = 16*g + 95. Determine t(-6).
-1
Let a(g) = -g**3 - 13*g**2 + 15*g - 2. Give a(-14).
-16
Let m(y) = 2*y**2 - 10*y - 28. Calculate m(7).
0
Let i(w) = -w**3 - 17*w**2 + 2*w + 39. Give i(-17).
5
Let p(y) = 10*y + 116. Give p(-16).
-44
Let v(g) = 2*g + 20. What is v(-9)?
2
Let t(d) = d**3 - 6*d**2 - 4*d + 20. What is t(6)?
-4
Let c(i) = i**2 + 9*i - 14. Calculate c(-8).
-22
Let x(w) = w - 21. Give x(-6).
-27
Let g(o) = 3*o + 10. Calculate g(2).
16
Let x(s) = -s - 15. Determine x(-14).
-1
Let w(j) = -39*j + 1279. Give w(33).
-8
Let f(l) = -2*l**2 - 51*l - 39. Give f(-25).
-14
Let d(t) = -83*t + 389. Calculate d(5).
-26
Let r(f) = -f**2 + f + 53. Calculate r(12).
-79
Let a(s) = 4*s**2 - 26*s + 9. Give a(6).
-3
Let g(z) = 88*z - 31. Give g(3).
233
Let g(k) = 9*k - 34. Give g(5).
11
Let v(u) = -37*u + 4. Calculate v(1).
-33
Let j(w) = w**3 - 10*w**2 - 42*w + 25. Determine j(13).
-14
Let h(r) = 3*r**3 - 2*r**2 - 4*r - 2. What is h(-2)?
-26
Let c(z) = -z**2 - 8*z - 15. Calculate c(-7).
-8
Let w(m) = -8*m + 12. What is w(3)?
-12
Let t(s) = s**2 + 2*s - 4. Determine t(-5).
11
Let p(s) = 14*s**3 + 2*s**2 - s. What is p(1)?
15
Let o(t) = t**3 + 4*t**2 - 6. Calculate o(-3).
3
Let q(c) = c**3 - 7*c**2 + 3*c + 3. Determine q(6).
-15
Let u(p) = 82*p**2 - 14*p - 14. What is u(-1)?
82
Let f(j) = -2*j + 4. Give f(3).
-2
Let o(c) = 18*c + 191. Calculate o(-10).
11
Let u(q) = 2*q + 30. What is u(-6)?
18
Let i(j) = j**2. Calculate i(0).
0
Let k(v) = 13*v + 1. What is k(1)?
14
Let s(p) = -p**2 - 13*p - 7. Determine s(-14).
-21
Let i(b) = 15*b**2 - b + 1. What is i(1)?
15
Let a(h) = -3*h - 26. Give a(-9).
1
Let h(a) = 6*a + 15. Determine h(0).
15
Let h(m) = m**3 - 15*m**2 - m + 7. Calculate h(15).
-8
Let i(u) = -u**2 + 14*u + 23. Determine i(15).
8
Let n(r) = r - 30. Calculate n(28).
-2
Let q(j) = 8*j**2 + 4*j + 3. Give q(-1).
7
Let b(h) = -3*h**3 - 20*h**2 + 11*h + 9. What is b(-7)?
-19
Let c(k) = k**3 + 31*k**2 + 57*k - 26. Determine c(-29).
3
Let p(v) = -3*v**2 - 9*v + 5. Give p(-4).
-7
Let o(j) = j**3 - 11*j**2 - j + 14. Calculate o(11).
3
Let q(t) = -t**3 + 9*t**2 - 3*t - 2. Give q(9).
-29
Let s(g) = -2*g**2 - 12*g - 21. What is s(-3)?
-3
Let d(x) = -4*x**2 - 2*x - 1. Calculate d(-2).
-13
Let h(r) = -11*r**2 - 4*r - 1. Determine h(-1).
-8
Let f(w) = 3*w - 60. Determine f(21).
3
Let d(x) = -2*x**2 + x + 19. Calculate d(0).
19
Let u(c) = c**2 + 11*c + 2. What is u(-13)?
28
Let f(j) = 3*j - 13. Determine f(6).
5
Let b(u) = u**2 + 2*u + 42. Determine b(0).
42
Let k(l) = l**3 + 9*l**2 - 9*l + 10. Give k(-9).
91
Let v(y) = -2*y**3 + 12*y**2 - 15*y + 18. Give v(5).
-7
Let h(j) = j**2 + 14*j - 4. Calculate h(-15).
11
Let x(c) = 2*c + 6. Determine x(-5).
-4
Let r(z) = 8*z - 2. Give r(-2).
-18
Let u(m) = -2*m**3 - 5*m**2 + 2*m - 4. Give u(-3).
-1
Let u(s) = s**3 - 10*s**2 + 14*s - 17. Give u(8).
-33
Let l(w) = -w**3 + 11*w**2 + 10*w - 9. Give l(11).
101
Let x(a) = -a**2 - 3*a + 3. What is x(-5)?
-7
Let p(q) = q + 13. Give p(-10).
3
Let i(c) = c**3 + 6*c**2 - c - 5. Give i(-5).
25
Let i(c) = 2*c**3 - 5*c**2 - 2*c + 2. Calculate i(3).
5
Let f(w) = 10*w - 135. Determine f(9).
-45
Let k(z) = z + 2. What is k(1)?
3
Let q(v) = -9*v - 6. Determine q(-5).
39
Let c(o) = -98*o**2 + 1. What is c(1)?
-97
Let j(d) = -2*d**2 - 2*d + 7. Give j(-7).
-77
Let f(o) = -o**2 + 8*o - 3. Give f(2).
9
Let k(h) = -28*h**3 - h**2 - h - 1. Calculate k(-1).
27
Let h(k) = k**3 + 15*k**2 - 2*k - 30. Determine h(-15).
0
Let o(y) = -2*y**2 + 28*y + 41. What is o(14)?
41
Let y(l) = -l**3 - 3*l**2 - 4*l - 5. What is y(-4)?
27
Let o(x) = 7*x - 1. Determine o(6).
41
Let u(z) = -2*z**3 + 4*z**2 + 6*z - 10. Calculate u(4).
-50
Let p(i) = -i**3 + 5*i**2 + 6*i - 1. What is p(3)?
35
Let o(a) = -5*a**2 - 45*a - 4. What is o(-9)?
-4
Let h(n) = 3*n**2 + 11*n + 8. Determine h(-4).
12
Let w(h) = -3*h**3 - 27*h**2 + 5*h + 40. Give w(-9).
-5
Let c(n) = -n**3 - 6*n**2 + 4*n - 2. Determine c(-7).
19
Let q(n) = -2*n - 2. Determine q(-10).
18
Let z(a) = -a**2 - 19*a - 54. What is z(-3)?
-6
Let m(y) = 2*y**2 - 5*y - 